{"id":1051,"date":"2021-01-24T06:36:03","date_gmt":"2021-01-24T03:36:03","guid":{"rendered":"http:\/\/btgteknik.com\/?page_id=1051"},"modified":"2021-01-24T07:52:38","modified_gmt":"2021-01-24T04:52:38","slug":"produksiyon-ve-canli-yayin","status":"publish","type":"page","link":"http:\/\/btgteknik.com\/index.php\/produksiyon-ve-canli-yayin\/","title":{"rendered":"Prod\u00fcksiyon ve Canl\u0131 Yay\u0131n"},"content":{"rendered":"","protected":false},"excerpt":{"rendered":"","protected":false},"author":1,"featured_media":686,"parent":0,"menu_order":0,"comment_status":"closed","ping_status":"closed","template":"","meta":[],"_links":{"self":[{"href":"http:\/\/btgteknik.com\/index.php\/wp-json\/wp\/v2\/pages\/1051"}],"collection":[{"href":"http:\/\/btgteknik.com\/index.php\/wp-json\/wp\/v2\/pages"}],"about":[{"href":"http:\/\/btgteknik.com\/index.php\/wp-json\/wp\/v2\/types\/page"}],"author":[{"embeddable":true,"href":"http:\/\/btgteknik.com\/index.php\/wp-json\/wp\/v2\/users\/1"}],"replies":[{"embeddable":true,"href":"http:\/\/btgteknik.com\/index.php\/wp-json\/wp\/v2\/comments?post=1051"}],"version-history":[{"count":12,"href":"http:\/\/btgteknik.com\/index.php\/wp-json\/wp\/v2\/pages\/1051\/revisions"}],"predecessor-version":[{"id":1068,"href":"http:\/\/btgteknik.com\/index.php\/wp-json\/wp\/v2\/pages\/1051\/revisions\/1068"}],"wp:featuredmedia":[{"embeddable":true,"href":"http:\/\/btgteknik.com\/index.php\/wp-json\/wp\/v2\/media\/686"}],"wp:attachment":[{"href":"http:\/\/btgteknik.com\/index.php\/wp-json\/wp\/v2\/media?parent=1051"}],"curies":[{"name":"wp","href":"https:\/\/api.w.org\/{rel}","templated":true}]}}